 base 10, what is -7 - -5?
-2
In base 5, what is 3 - 20210?
-20202
In base 13, what is 10 - -6c?
7c
In base 5, what is -2 + -341?
-343
In base 9, what is 8717 - 2?
8715
In base 15, what is 20 - -d?
2d
In base 16, what is -12 - -3?
-f
In base 8, what is -5 + 7167?
7162
In base 6, what is -3 - 31?
-34
In base 6, what is 15 - 4?
11
In base 4, what is -101032 + 2?
-101030
In base 4, what is 310110 - -2?
310112
In base 4, what is -2002 - -12?
-1330
In base 14, what is -d7 + -5?
-dc
In base 9, what is 3 - -1?
4
In base 4, what is 10 - 10312?
-10302
In base 12, what is -ba - -5?
-b5
In base 9, what is -18 - -5?
-13
In base 4, what is -103301 - 0?
-103301
In base 6, what is -503 - 10?
-513
In base 5, what is 3 - -10142?
10200
In base 16, what is 136 - 3?
133
In base 4, what is 11000 - 1?
10333
In base 6, what is -405 + 4?
-401
In base 13, what is 0 + 1a0b?
1a0b
In base 6, what is -3 + 143?
140
In base 14, what is 31b3 + -1?
31b2
In base 9, what is -45 - -6?
-38
In base 2, what is 100 + 1111?
10011
In base 7, what is -5 + 226?
221
In base 4, what is -320 + 2202?
1222
In base 2, what is 101111011 + 101?
110000000
In base 4, what is -2010302 + 3?
-2010233
In base 3, what is 12 - 110001?
-102212
In base 8, what is 152 + -4?
146
In base 5, what is -2 + -21113?
-21120
In base 14, what is 5 + -1144?
-113d
In base 15, what is 4 - -eb4?
eb8
In base 11, what is -265 - -a?
-256
In base 16, what is 2 + -1bc7?
-1bc5
In base 7, what is 3 - 413?
-410
In base 7, what is 0 - 215?
-215
In base 6, what is -2444 - -1?
-2443
In base 14, what is d + 0?
d
In base 4, what is -1020 - -1?
-1013
In base 5, what is 1 + -1142?
-1141
In base 13, what is 8c2 + -4?
8bb
In base 4, what is -10 - 3202?
-3212
In base 6, what is 11 - -10?
21
In base 4, what is 2132 - -2?
2200
In base 12, what is 1 + 54?
55
In base 2, what is 10011011110 - -1?
10011011111
In base 6, what is -14352 - -5?
-14343
In base 6, what is -3542 - 12?
-3554
In base 7, what is -1 - 253?
-254
In base 4, what is 1 - 20?
-13
In base 11, what is 0 + a9?
a9
In base 4, what is 10 - -21?
31
In base 13, what is 74 - 7?
6a
In base 6, what is 1342 + 1?
1343
In base 8, what is -314 + -10?
-324
In base 8, what is 267 + 42?
331
In base 7, what is -6 - 13?
-22
In base 11, what is 1 - -7?
8
In base 13, what is -12 + 365?
353
In base 9, what is -2 + 2?
0
In base 15, what is bb + 2?
bd
In base 14, what is 38 + -9?
2d
In base 9, what is -5 + -210?
-215
In base 8, what is -1 + 230?
227
In base 13, what is -c7 - b?
-105
In base 14, what is 35 - 14?
21
In base 16, what is 12f + -1?
12e
In base 9, what is -1151 - 5?
-1156
In base 5, what is -2 + -1033?
-1040
In base 6, what is 25514 + 1?
25515
In base 16, what is 1e + 1?
1f
In base 6, what is -4550 + -2?
-4552
In base 8, what is -141 - 1?
-142
In base 6, what is -41 - -340?
255
In base 12, what is -2 - -2?
0
In base 10, what is -4 - -201?
197
In base 7, what is -1 - 201?
-202
In base 3, what is 12 + -121?
-102
In base 3, what is -11210 + 2?
-11201
In base 6, what is -2532 - 3?
-2535
In base 15, what is -5 + 863?
85d
In base 16, what is 1476 + 0?
1476
In base 6, what is 0 - 230?
-230
In base 12, what is -6 - 11?
-17
In base 3, what is 10 - 100021?
-100011
In base 3, what is 2001 + 2?
2010
In base 2, what is -10100 + 11110001?
11011101
In base 2, what is -100 - -110011000?
110010100
In base 8, what is -50 + 17?
-31
In base 9, what is -2 - 1245?
-1247
In base 2, what is -11 + -1111111100?
-1111111111
In base 4, what is -201 + -1200?
-2001
In base 12, what is 2 - -9?
b
In base 2, what is -11000 + 111?
-10001
In base 12, what is 10 - 254?
-244
In base 9, what is -2 + 31?
28
In base 10, what is 521 - 0?
521
In base 5, what is -134 - 4?
-143
In base 4, what is -1123131 + 2?
-1123123
In base 5, what is 1 - -2414?
2420
In base 4, what is -101012 - -3?
-101003
In base 14, what is -8d - 7?
-96
In base 8, what is -667 - 2?
-671
In base 5, what is 2 + -112?
-110
In base 5, what is 3 - -12323?
12331
In base 12, what is 5 + -3526?
-3521
In base 6, what is 0 + -1050?
-1050
In base 5, what is 0 + 3140?
3140
In base 14, what is 14 - -4?
18
In base 6, what is -103 - -20?
-43
In base 14, what is -10a + 5?
-105
In base 2, what is 110001 - -11000?
1001001
In base 15, what is 4c + 1c?
69
In base 4, what is -23103 - 1?
-23110
In base 8, what is 2 + -656?
-654
In base 3, what is -12002 + -22?
-12101
In base 7, what is -136 + 2?
-134
In base 6, what is 2 - 135?
-133
In base 16, what is 3 + -99?
-96
In base 2, what is -1101001011 - -101?
-1101000110
In base 15, what is e0a + -1?
e09
In base 9, what is 60 + -55?
4
In base 10, what is 273 - -3?
276
In base 6, what is -4 - -350?
342
In base 16, what is 4 - a5?
-a1
In base 8, what is 0 + -112?
-112
In base 6, what is -5 - 310?
-315
In base 9, what is 1728 + -5?
1723
In base 13, what is 127 + 70?
197
In base 16, what is -3 + -48a?
-48d
In base 7, what is 5 + 2620?
2625
In base 10, what is -1203 + 1?
-1202
In base 12, what is 13206 + -5?
13201
In base 10, what is -11 + -5?
-16
In base 4, what is -3 + 21?
12
In base 7, what is -1211 - 12?
-1223
In base 4, what is 11 - -2031?
2102
In base 14, what is 35 - 1a?
19
In base 5, what is -141 - -1002?
311
In base 7, what is -345 - 3?
-351
In base 14, what is a7 - 2?
a5
In base 7, what is 4 + 42?
46
In base 8, what is -5 - -2?
-3
In base 2, what is 101000 - 11010111?
-10101111
In base 11, what is -a339 - -2?
-a337
In base 10, what is 4 - -1685?
1689
In base 6, what is -3 + -5?
-12
In base 14, what is 0 - 3a5?
-3a5
In base 7, what is 3 - -2361?
2364
In base 15, what is 7d + 3?
81
In base 9, what is -82 - 8?
-101
In base 10, what is -3 - -24?
21
In base 13, what is -8 - 5?
-10
In base 16, what is -3e + 1b?
-23
In base 13, what is 4 - -965?
969
In base 4, what is -10 - -3300?
3230
In base 16, what is -3 + -15?
-18
In base 12, what is -130a + -4?
-1312
In base 11, what is 3 - -57?
5a
In base 5, what is -3 + -2243?
-2301
In base 15, what is -81 - -3?
-7d
In base 10, what is -1665 - 2?
-1667
In base 14, what is -2 + -1933?
-1935
In base 10, what is 0 + 217?
217
In base 7, what is -1 + 435?
434
In base 15, what is -4 + -29c?
-2a1
In base 16, what is 1537 - 4?
1533
In base 6, what is -10431 - 14?
-10445
In base 12, what is -91 + -30?
-101
In base 8, what is -2 - 542?
-544
In base 10, what is -33 - -110?
77
In base 12, what is -2 + -278?
-27a
In base 3, what is -11 - 111?
-122
In base 11, what is 7 + 30?
37
In base 3, what is 11 + -1211222?
-1211211
In base 14, what is -6a4 + 5?
-69d
In base 15, what is -7e - -4?
-7a
In base 16, what is 25b + 3?
25e
In base 10, what is 4254 + 5?
4259
In base 11, what is -5 + 350?
346
In base 10, what is -5 + 726?
721
In base 14, what is 5 + -62?
-5b
In base 11, what is -17 - -453?
437
In base 11, what is 626 - -1?
627
In base 15, what is -b + -60?
-6b
In base 14, what is 3 + 3a?
3d
In base 5, what is -4 - -123?
114
In base 12, what is 8 - 23?
-17
In base 12, what is -28 - -14?
-14
In base 12, what is 4 + 76?
7a
In base 14, what is -2a - -3?
-27
In base 13, what is -4 + -1b9?
-1c0
In base 8, what is -3 - -636?
633
In base 15, what is -3 - -164?
161
In base 16, what is -14 + -1f?
-33
In base 8, what is 41 - -5?
46
In base 16, what is 4 - 162?
-15e
In base 5, what is 304 - -3?
312
In base 16, what is -1 - -10c?
10b
In base 8, what is -2 - -1777?
1775
In base 8, what is 364 - -1?
365
In base 11, what is 4 - -3152?
3156
In base 6, what is 2 - 1050?
-1044
In base 4, what is 11 - 1223?
-1212
In base 16, what is 1 - -34?
35
In base 10, what is -4 + 217?
213
In base 7, what is 36 + -4?
32
In base 15, what is -74 + -4?
-78
In base 3, what is 210 + -11?
122
In base 3, what is -110 - -2001?
1121
In base 6, what is 30420 - -5?
30425
In base 15, what is -70 + 2?
-6d
In base 11, what is 5 - 108?
-103
In base 5, what is 24 + 2?
31
In base 16, what is 399 - -2?
39b
In base 11, what is -4 - -1?
-3
In base 9, what is 2656 - -3?
2660
In base 14, what is -4 + 6?
2
In base 8, what is -2047 + -5?
-2054
In base 12, what is -5 + 50?
47
In base 10, what is 5 + -39?
-34
In base 12, what is 0 - 2448?
-2448
In base 11, what is -26a3 - -5?
-2699
In base 13, what is -66b - 1?
-66c
In base 10, what is 166 + 113?
279
In base 11, what is -40 - 3?
-43
In base 8, what is -202 + -3?
-205
In base 14, what is -12b + -17?
-144
In base 13, w